at is the remainder when 287 is divided by 68?
15
Calculate the remainder when 2336 is divided by 772.
20
Calculate the remainder when 242 is divided by 237.
5
What is the remainder when 152 is divided by 21?
5
Calculate the remainder when 600 is divided by 86.
84
What is the remainder when 5285 is divided by 115?
110
What is the remainder when 81 is divided by 28?
25
Calculate the remainder when 45 is divided by 20.
5
What is the remainder when 5477 is divided by 83?
82
What is the remainder when 39714 is divided by 235?
234
What is the remainder when 77 is divided by 13?
12
What is the remainder when 3163 is divided by 41?
6
What is the remainder when 876 is divided by 209?
40
What is the remainder when 1816 is divided by 12?
4
Calculate the remainder when 74 is divided by 43.
31
Calculate the remainder when 678 is divided by 48.
6
Calculate the remainder when 306 is divided by 81.
63
Calculate the remainder when 174 is divided by 10.
4
What is the remainder when 732 is divided by 67?
62
What is the remainder when 1563 is divided by 23?
22
Calculate the remainder when 2668 is divided by 30.
28
What is the remainder when 126 is divided by 6?
0
Calculate the remainder when 306 is divided by 77.
75
Calculate the remainder when 76 is divided by 20.
16
Calculate the remainder when 219 is divided by 47.
31
Calculate the remainder when 3765 is divided by 65.
60
What is the remainder when 155 is divided by 52?
51
Calculate the remainder when 1066 is divided by 529.
8
Calculate the remainder when 61 is divided by 3.
1
What is the remainder when 324 is divided by 19?
1
What is the remainder when 966 is divided by 8?
6
What is the remainder when 634 is divided by 195?
49
Calculate the remainder when 53 is divided by 17.
2
What is the remainder when 846 is divided by 55?
21
Calculate the remainder when 371 is divided by 34.
31
Calculate the remainder when 323 is divided by 36.
35
What is the remainder when 887 is divided by 4?
3
Calculate the remainder when 6310 is divided by 27.
19
What is the remainder when 33 is divided by 13?
7
What is the remainder when 582 is divided by 12?
6
Calculate the remainder when 495 is divided by 94.
25
Calculate the remainder when 5188 is divided by 739.
15
What is the remainder when 238 is divided by 40?
38
What is the remainder when 551 is divided by 272?
7
What is the remainder when 694 is divided by 178?
160
What is the remainder when 918 is divided by 162?
108
What is the remainder when 520 is divided by 18?
16
Calculate the remainder when 5913 is divided by 204.
201
Calculate the remainder when 823 is divided by 812.
11
What is the remainder when 201 is divided by 57?
30
What is the remainder when 1280 is divided by 39?
32
Calculate the remainder when 173 is divided by 90.
83
What is the remainder when 479 is divided by 13?
11
Calculate the remainder when 1890 is divided by 940.
10
What is the remainder when 689 is divided by 63?
59
Calculate the remainder when 274 is divided by 35.
29
Calculate the remainder when 54124 is divided by 291.
289
What is the remainder when 418 is divided by 133?
19
Calculate the remainder when 98 is divided by 30.
8
What is the remainder when 232 is divided by 117?
115
Calculate the remainder when 1273 is divided by 9.
4
What is the remainder when 1005 is divided by 126?
123
Calculate the remainder when 2696 is divided by 169.
161
Calculate the remainder when 170977 is divided by 53.
52
What is the remainder when 4164 is divided by 24?
12
Calculate the remainder when 90 is divided by 52.
38
What is the remainder when 182 is divided by 61?
60
Calculate the remainder when 239 is divided by 53.
27
What is the remainder when 299 is divided by 83?
50
Calculate the remainder when 630 is divided by 139.
74
Calculate the remainder when 45 is divided by 8.
5
Calculate the remainder when 1078 is divided by 90.
88
Calculate the remainder when 105 is divided by 59.
46
Calculate the remainder when 394 is divided by 80.
74
Calculate the remainder when 168 is divided by 22.
14
What is the remainder when 303 is divided by 28?
23
What is the remainder when 97 is divided by 54?
43
What is the remainder when 1139 is divided by 127?
123
What is the remainder when 1498 is divided by 125?
123
Calculate the remainder when 2702 is divided by 885.
47
Calculate the remainder when 173 is divided by 13.
4
What is the remainder when 30 is divided by 4?
2
What is the remainder when 1502 is divided by 168?
158
Calculate the remainder when 389 is divided by 56.
53
What is the remainder when 188 is divided by 48?
44
Calculate the remainder when 945 is divided by 60.
45
Calculate the remainder when 264 is divided by 125.
14
What is the remainder when 232 is divided by 123?
109
What is the remainder when 846 is divided by 16?
14
What is the remainder when 1958 is divided by 82?
72
What is the remainder when 338 is divided by 17?
15
Calculate the remainder when 32848 is divided by 133.
130
Calculate the remainder when 127 is divided by 16.
15
Calculate the remainder when 6633 is divided by 107.
106
What is the remainder when 166 is divided by 28?
26
What is the remainder when 15 is divided by 10?
5
Calculate the remainder when 767 is divided by 242.
41
What is the remainder when 602 is divided by 29?
22
Calculate the remainder when 31 is divided by 7.
3
Calculate the remainder when 24 is divided by 9.
6
What is the remainder when 399 is divided by 40?
39
What is the remainder when 98 is divided by 10?
8
What is the remainder when 14574 is divided by 25?
24
Calculate the remainder when 358 is divided by 124.
110
Calculate the remainder when 510 is divided by 78.
42
What is the remainder when 747 is divided by 251?
245
Calculate the remainder when 1217 is divided by 20.
17
Calculate the remainder when 691 is divided by 177.
160
What is the remainder when 104 is divided by 43?
18
What is the remainder when 524 is divided by 9?
2
Calculate the remainder when 1288 is divided by 43.
41
Calculate the remainder when 9986 is divided by 222.
218
Calculate the remainder when 12637 is divided by 41.
9
What is the remainder when 383 is divided by 35?
33
Calculate the remainder when 40 is divided by 30.
10
Calculate the remainder when 2476 is divided by 618.
4
What is the remainder when 421 is divided by 28?
1
What is the remainder when 122 is divided by 37?
11
What is the remainder when 101 is divided by 34?
33
Calculate the remainder when 1861 is divided by 69.
67
Calculate the remainder when 312 is divided by 8.
0
What is the remainder when 24962 is divided by 53?
52
What is the remainder when 185 is divided by 62?
61
What is the remainder when 581 is divided by 65?
61
Calculate the remainder when 256 is divided by 35.
11
What is the remainder when 148 is divided by 19?
15
Calculate the remainder when 397 is divided by 206.
191
What is the remainder when 40457 is divided by 70?
67
Calculate the remainder when 15279 is divided by 37.
35
Calculate the remainder when 20 is divided by 1.
0
Calculate the remainder when 465 is divided by 39.
36
What is the remainder when 417 is divided by 20?
17
What is the remainder when 211 is divided by 44?
35
What is the remainder when 1972 is divided by 110?
102
Calculate the remainder when 2183 is divided by 1086.
11
Calculate the remainder when 850 is divided by 214.
208
What is the remainder when 961 is divided by 99?
70
What is the remainder when 108 is divided by 47?
14
Calculate the remainder when 311 is divided by 42.
17
Calculate the remainder when 1056 is divided by 109.
75
Calculate the remainder when 825 is divided by 46.
43
Calculate the remainder when 1188 is divided by 388.
24
What is the remainder when 857 is divided by 263?
68
Calculate the remainder when 838 is divided by 7.
5
Calculate the remainder when 170 is divided by 132.
38
Calculate the remainder when 88 is divided by 71.
17
What is the remainder when 1629 is divided by 12?
9
Calculate the remainder when 1138 is divided by 76.
74
Calculate the remainder when 5047 is divided by 50.
47
Calculate the remainder when 1049 is divided by 152.
137
Calculate the remainder when 144 is divided by 51.
42
Calculate the remainder when 2373 is divided by 397.
388
Calculate the remainder when 1111 is divided by 12.
7
Calculate the rema